).
-11
Suppose 1616 + 2164 = 210*q. Let o(z) = z**3 - 19*z**2 + 19*z - 20. What is o(q)?
-2
Let w(i) = -8*i**2 + 0*i**2 + 47 + 124*i - 182*i - 34. Give w(-8).
-35
Let h be (-8)/12*((-143)/22 - -5). Let v(t) = -61*t + 1 + 115*t - 75*t. Calculate v(h).
-20
Suppose -205*b + 1170 = -166*b. Let i(o) = o**2 - 33*o + 64. What is i(b)?
-26
Let h = 278 - 294. Let d be (-3)/4 - (108/h - 9). Let c(u) = u**2 - 14*u - 16. What is c(d)?
-1
Let k be 4/26 - 154/(-13). Let z(l) = -k*l + 10*l**2 + 1 + 22*l + 8*l**2 - 9*l - 2*l. Calculate z(-1).
20
Let k(i) = -i**3 - i**2 + 6*i + 2. Let u(t) = -15*t - 38. Let a be u(4). Let w = a + 94. What is k(w)?
26
Let q(s) be the first derivative of 1/3*s**3 - 4*s**2 + 7*s - 11. Calculate q(8).
7
Suppose 48 = 115*h - 113*h. Let l(w) = h*w - 12 - 40*w + 19*w. What is l(8)?
12
Let t(g) = -2*g - 11. Let d be 9 - ((-6 - -9) + 0). Let w be (58/d)/1 - (-27)/81. Calculate t(w).
-31
Let n = -283 - -316. Let p(j) = -n*j - 7 - 35*j + 69*j. Calculate p(8).
1
Let s(f) be the third derivative of -f**5/15 + 2*f**3/3 - 2*f**2 - 25. Give s(2).
-12
Let p(g) be the first derivative of -29*g**2/2 + 12*g + 3705. Determine p(2).
-46
Let s(l) = l**3 - 3*l**2 - 5. Let u be s(4). Let z(b) = -b - 6184*b**3 + 5*b**2 + 6183*b**3 + 6*b**2 + 4*b - 26. Calculate z(u).
7
Suppose 10 = -2322*o + 2332*o. Let f(u) = 15*u**2 + 5*u - 1. Let z(p) = -30*p**2 - 11*p + 2. Let y(s) = 13*f(s) + 6*z(s). Give y(o).
13
Let q(l) = -101*l**3 + 56 - 36*l**2 - 8*l + 102*l**3 + 30*l**2. What is q(6)?
8
Let c(s) be the first derivative of s**5/60 + s**4/24 - s**3/3 + 3*s**2 - 6. Let l(q) be the second derivative of c(q). Let n = -1932 - -1932. Determine l(n).
-2
Let b = -15736 - -15741. Let w(v) be the first derivative of v**4/12 - 5*v**3/6 - 5*v**2/2 - 3*v + 1. Let l(d) be the first derivative of w(d). Determine l(b).
-5
Suppose 4*t = -a + 9, -4*a + 3*t = 5*t + 6. Let g(h) = 28 + 3*h**2 - 32 - 26*h + h**3 + 26*h. Give g(a).
-4
Let q(g) = 9 - 2480*g**2 + 1223*g**2 + 8*g - 2 + 1256*g**2. What is q(5)?
22
Let n(q) be the first derivative of q**3/3 - 6*q**2 - 13*q - 4. Let x be n(13). Let i(f) = 0*f + 2 - 2*f + x + 6. Give i(7).
-6
Suppose 7*y + 279 = 216. Let v(h) = h + 20. Calculate v(y).
11
Let i = 5427 - 5431. Let o(c) = -c**3 + 8*c - 3. Determine o(i).
29
Let o(k) be the first derivative of k**4/4 - 8*k**3 + 11*k**2 + 49*k + 4819. Determine o(23).
26
Suppose g - 2 = -c, 3 = 4*c - 4*g + 3*g. Let t(x) = -7*x + 9. Give t(c).
2
Let i(t) = -7*t**3 - 18*t**2 + 6*t + 10. Let a(d) = d**3 + d**2 - d - 1. Let g be 1/((-5)/(4 + 1)). Let r(o) = g*i(o) - 6*a(o). Give r(-12).
-4
Let s(x) = 2*x - 6. Let p be 2 + 0/4 + -23. Let y(l) = l**3 + 21*l**2 + l + 21. Let a be y(p). Let b be (4 - 1) + a + 2. What is s(b)?
4
Let r(y) = -24*y**2 + y. Let v be 2 + -3 - (-10 + 22)/(-6). What is r(v)?
-23
Let x = 846 - 497. Suppose 2*q = q + x. Let z(u) = 5*u + 346 - q - 5*u - 4*u - u**2. Calculate z(-3).
0
Suppose 310 = -263*t + 273*t. Let f(d) = -d**3 + 30*d**2 + 31*d - 5. Calculate f(t).
-5
Suppose 69*c - 198 = 28*c + 8*c. Let k(o) = -2*o**2 + o - 1. Determine k(c).
-67
Let i(v) = v**3 + v + 1. Let s(p) = 4*p - 43. Let l be s(11). Let b(o) = 4*o**3 - 3*o**2 + 11*o + 7. Let h(g) = l*b(g) - 5*i(g). Give h(-4).
-6
Let m be 5 + -5 - 7 - (-4 + 4). Let v(u) = -u**3 - 7*u**2 + 7*u + 38. Calculate v(m).
-11
Let x(r) = r**2 + 7*r + 23. Let l(i) = 441*i + 3094. Let a be l(-7). Give x(a).
121
Let f(y) = 11 + 257*y**2 - 11*y**3 - 260*y**2 + 4*y + 10*y**3. Determine f(-3).
-1
Suppose -q + 1 = 0, 5*q - 6 = 2*t - 3*t. Let k(a) = 161*a**2 + 10*a - 16. Let g(s) = -32*s**2 - 2*s + 3. Let d(m) = 11*g(m) + 2*k(m). Determine d(t).
-31
Let a(x) = -84894 + 84891 - 103*x + 107*x. Suppose -24 - 26 = 5*h. Let b(z) = -z**3 - 10*z**2 + 4. Let v be b(h). Give a(v).
13
Let f(h) be the first derivative of -2*h**2 - 2/3*h**3 - 6*h + 195. Determine f(-4).
-22
Let q(s) = s**3 + 4*s**2 + 3*s + 7. Let u be (((-144)/4)/(-12))/((-3 - -3) + -1). Determine q(u).
7
Let l(v) be the first derivative of v**3/3 + 13*v**2/2 - 20*v - 2. Let r(s) = -s**2 - 9*s + 176. Let k be r(-19). Calculate l(k).
-6
Let t(r) = -r**2 - 2*r - 2. Suppose 0 = 5*d - 3*a - 35, 2*a + 18 = -2*d + 4*d. Suppose 99 = -d*m + h, 128 + 22 = -5*m - 4*h. Let o = -28 - m. What is t(o)?
-2
Let o(q) = -4 - 6*q + q + 0 - q**2. Suppose 6*f = -79 + 91. Suppose -5*r + 17 = 7, -2 = f*x + 3*r. Calculate o(x).
0
Let j(r) = -r**2 + 9. Let h be j(-3). Let k(v) = 125 + h*v**2 - 126 + v + 6*v**2. Give k(1).
6
Let n(r) = -r**2 - 6*r. Suppose -132*a = -138*a + 6. Let j be 2/a - (-33 + 41). Determine n(j).
0
Let d(k) = k**3 + 6*k**2 - 7*k - 5. Let y(p) = -130*p - 1047. Let o be y(-8). Give d(o).
-5
Let r(c) be the second derivative of c**4/2 - c**3/3 - c**2 + 2*c + 29. Determine r(-1).
6
Let w(b) = -13*b - 4. Let g be w(-1). Let h(p) be the third derivative of p**5/60 - 3*p**4/8 - 2*p**3 + 34*p**2. Give h(g).
-12
Let c(t) = t**2 + 2*t - 49. Let l = -20660 + 20660. Calculate c(l).
-49
Let q(k) be the third derivative of 1/24*k**4 - 2/15*k**5 + 13/6*k**3 + 0*k - 147*k**2 + 0 - 1/120*k**6. Determine q(-8).
5
Let w(v) = 4*v**3 - v**2 - 118*v + 120. Let h be w(1). Let t(m) = m**2 - 5*m - 3. Give t(h).
-3
Suppose 8*a - 12*a = -16. Suppose a*n - t = -4*t + 10, -4*n + 5*t + 26 = 0. Let u(p) = 25 + 11*p**2 - n*p**2 - 21 + p**3 + 2*p + p. Determine u(-7).
-17
Let m(q) = 17*q**3 - 116*q**2 - 19*q + 30. Let i be m(7). Let l(o) = -6*o**2 + 266*o - 88. Give l(i).
0
Let d(t) = -1 - 552*t**2 + 1106*t**2 - t**3 - 553*t**2. Let v(b) be the first derivative of b**3/3 - 6*b**2 + 11*b - 3. Let s be v(11). Calculate d(s).
-1
Let s(d) be the third derivative of -d**5/30 + 3*d**4/8 - 2*d**3/3 - 2*d**2 - 246. Give s(6).
-22
Let l(n) = 9*n**2 - 12*n - 27. Let f(a) = -16*a**2 + 23*a + 52. Let i(r) = 4*f(r) + 7*l(r). Determine i(10).
-1
Suppose n - 2*a = 13, 5*n - 42 = 4*a - 1. Let t(z) = -z**3 + 2*z**2 - 7*z + 11. Calculate t(n).
-99
Let a(j) = -3*j - 3. Let l be 3/(-4 + -5 + 3 - (0 + -5)). What is a(l)?
6
Suppose -2*j - 5*u + 7 = 0, -4*j = u - 8 + 3. Suppose o - c - j = c, -4 = -c. Let s(v) = v**3 - 9*v**2 + v - 6. What is s(o)?
3
Let l = 14447 + -14448. Let q(d) = 18*d - 5. Determine q(l).
-23
Let l = -127 - -129. Let k(i) = 2*i**3 + 7*i - 2*i**l + 1 - 3*i**3 - 3*i - 2*i**2. What is k(-5)?
6
Let f(z) = z**2 + 8*z. Suppose -9*h + 2*h + 595 = 0. Suppose 7 = h*w - 86*w. Calculate f(w).
-7
Let h = 3452 + -3442. Let i(g) = -g**2 + 9*g + 16. Calculate i(h).
6
Let n(r) be the second derivative of -r**5/60 + 7*r**3/6 - 227*r**2/2 + 100*r. Let x(i) be the first derivative of n(i). Calculate x(0).
7
Suppose 37*n - 38*n = -3. Let j(m) = m**n - 22*m**2 + 14*m**2 - 38*m - 1 + 75*m - 36*m. Give j(8).
7
Let h(g) = -g + 34. Let p(k) = 4*k - 97. Let b(i) = -11*h(i) - 4*p(i). Give b(22).
-96
Let g be (-24)/(-9)*6/2. Suppose 72 = 5*i - g. Suppose y = -3*y - i, w - 15 = 2*y. Let d(t) = t**2 - 8*t + 2. What is d(w)?
-5
Let w(v) = 5*v**2 + 83*v + 53. Let b be w(-16). Let y(g) = -g**2 - 10*g + 11. Give y(b).
-64
Let l be (2 - -6)*(-3)/(-2). Let w be (-1*7)/((-12)/l). Let q(g) = w - 3 - 5*g + 4*g. Determine q(5).
-1
Suppose -3*v + f = -26, -4*f - 4 = 4*v + 4. Let n(z) = -z**2 + 4*z + 20. Calculate n(v).
8
Suppose -6*l - 4*w = -2*l - 312, 3*l - 234 = -5*w. Let b = l - 73. Let g(c) = -b - 11*c**3 + 14*c**3 + 3*c + 3 - 2*c**3. Give g(2).
12
Let t(h) be the first derivative of 13*h**2 + 191*h - 5073. Give t(-8).
-17
Let w be 0*((-9)/(-6) + -2). Suppose -2*q = 4*v - 4, -3*q - 5*v + 10 = -1. Let f(a) = -q - 1567*a + a**2 + a**3 + 1567*a. Determine f(w).
-12
Let y(d) = 3*d**2 + 50*d + 6. Let g(k) = -4*k**2 - 60*k - 14. Let r(f) = -4*g(f) - 5*y(f). Determine r(5).
1
Let y(t) = 4*t - 40. Let i be ((-5)/(44 + -29))/(-2 + (-31)/(-15)). What is y(i)?
-60
Let u(j) = -28*j - 136. Let v be u(-5). Let z be 2/v*-3*(4 - -2). Let g(p) = p**2 + 11*p + 22. Calculate g(z).
4
Let z(q) = -7 + 5 - 4*q**2 + 6*q + 5 + 3*q**2. Determine z(-2).
-13
Let d(u) = 1163*u**2 - 22*u**3 - 2*u + 3 - 1155*u**2 + 23*u**3. Give d(-7).
66
Suppose -59*n - 4 = -11*n - 100. Let z(u) = 17*u**3 - 14*u**2 + 8*u - 5. Let o(c) = -6*c**3 + 5*c**2 - 3*c + 2. Let f(p) = -11*o(p) - 4*z(p). What is f(n)?
-12
Let n(z) be the first derivative of z**5/120 + z**4/6 - 68*z**3/3 - 2*z - 135. Let